hat is -136 - 9?
-145
In base 4, what is 10 - 20?
-10
In base 2, what is -10 - 1000101011010?
-1000101011100
In base 9, what is 3125 + -2?
3123
In base 6, what is 2115 - -5?
2124
In base 13, what is 9 + a6?
b2
In base 7, what is -3053 + 4?
-3046
In base 7, what is 2230 - 6?
2221
In base 12, what is -17 + 197?
180
In base 10, what is -4 - -23?
19
In base 5, what is 30 - 2022?
-1442
In base 4, what is -1120 + -2?
-1122
In base 3, what is -11211 + 20?
-11121
In base 13, what is 20 + -4?
19
In base 5, what is 2 + 242?
244
In base 16, what is -d + -83?
-90
In base 5, what is 1012231 - -2?
1012233
In base 8, what is 265 - 3?
262
In base 13, what is -75 + -19?
-91
In base 4, what is -200101 - 13?
-200120
In base 15, what is 28 - 5?
23
In base 3, what is -10 + -121?
-201
In base 6, what is -110 + -11?
-121
In base 3, what is -112020 + -12?
-112102
In base 8, what is 73 - -1?
74
In base 12, what is 7126 - 1?
7125
In base 12, what is -412 - 3?
-415
In base 10, what is -5 + -329?
-334
In base 13, what is 4 + 14a?
151
In base 10, what is -93 - 0?
-93
In base 5, what is -20212 - -11?
-20201
In base 10, what is 2 - -76?
78
In base 12, what is 2 + 51?
53
In base 6, what is 2 - 1050?
-1044
In base 8, what is -156 - 4?
-162
In base 16, what is 191 - 3?
18e
In base 8, what is 5 + 71?
76
In base 6, what is -12 - 11?
-23
In base 3, what is -211102 + 21?
-211011
In base 4, what is 3 - 310?
-301
In base 4, what is 1022 - -1?
1023
In base 9, what is 7 + -10?
-2
In base 16, what is c06 - -2?
c08
In base 14, what is 58a7 - -3?
58aa
In base 6, what is 1 + -143?
-142
In base 15, what is 68 - -5?
6d
In base 9, what is -13466 - 5?
-13472
In base 10, what is -75 - -9?
-66
In base 13, what is -2c + 5?
-27
In base 16, what is 9 + -14?
-b
In base 7, what is 2164 + 5?
2202
In base 12, what is 139a - 11?
1389
In base 13, what is -3 + 4?
1
In base 16, what is -d9 + 29?
-b0
In base 3, what is -11221 + -1102?
-20100
In base 3, what is 1 - 102021?
-102020
In base 4, what is 1320 + 11?
1331
In base 10, what is 186 - 2?
184
In base 5, what is 3 - -231?
234
In base 11, what is -1a - 24?
-43
In base 2, what is 10 - -1100010000?
1100010010
In base 11, what is -5 - 37?
-41
In base 12, what is -449 + 4?
-445
In base 4, what is 203 + 132?
1001
In base 5, what is -140 + 4?
-131
In base 3, what is 10122 - -20220?
101112
In base 11, what is 400 + -3?
3a8
In base 8, what is 11250 - 5?
11243
In base 11, what is 2 + -21?
-1a
In base 3, what is 11 - -212212?
220000
In base 16, what is -7 + -9f3?
-9fa
In base 15, what is 14 - 10?
4
In base 14, what is -71b + 1?
-71a
In base 16, what is -d + 23?
16
In base 10, what is 20 + 30?
50
In base 2, what is 101000 + 10?
101010
In base 10, what is -2 - 17?
-19
In base 16, what is -194 + -5?
-199
In base 4, what is -10 - -200120?
200110
In base 4, what is 10011003 - -11?
10011020
In base 14, what is 135 - -10?
145
In base 6, what is 0 + 25?
25
In base 10, what is -589 + 6?
-583
In base 4, what is 12103 - -10?
12113
In base 15, what is 3 + 1b6?
1b9
In base 3, what is 12 - -11?
100
In base 7, what is -2001 - -3?
-1665
In base 9, what is 3 + 271?
274
In base 8, what is -476 + 44?
-432
In base 13, what is 3 + 132b?
1331
In base 16, what is -1a + 26?
c
In base 15, what is 97 - 0?
97
In base 8, what is 2 + 12754?
12756
In base 14, what is 1 + 2ac?
2ad
In base 7, what is 15 - -436?
454
In base 4, what is -11 + 2211?
2200
In base 7, what is -3 - 62?
-65
In base 2, what is -1 + -110000?
-110001
In base 14, what is 51 + 6?
57
In base 8, what is 3244 + 3?
3247
In base 5, what is -20 + -13?
-33
In base 5, what is -1 + 100?
44
In base 12, what is 49 - 1?
48
In base 16, what is ec + 2?
ee
In base 8, what is -40444 - 4?
-40450
In base 5, what is 31 - 4?
22
In base 13, what is 1 + 355?
356
In base 6, what is 3 - -20?
23
In base 16, what is -1 - f?
-10
In base 12, what is -1389 + -1?
-138a
In base 14, what is -29b - 2?
-29d
In base 4, what is 23 - -1023?
1112
In base 2, what is 101110000 - -101?
101110101
In base 2, what is 10110010 - -1?
10110011
In base 7, what is 3 + 4?
10
In base 4, what is -3 + 323?
320
In base 16, what is 3 + 2e6?
2e9
In base 5, what is -3 - -124?
121
In base 7, what is -566 + -4?
-603
In base 10, what is -3 - 11?
-14
In base 10, what is 105 - 22?
83
In base 14, what is -42 - 2?
-44
In base 15, what is 8 + -1e?
-16
In base 2, what is -1010110000 + -10?
-1010110010
In base 9, what is 6 + 316?
323
In base 8, what is -6 + -36?
-44
In base 6, what is 515 + 214?
1133
In base 2, what is 11100001 + -1101?
11010100
In base 4, what is 1203200 + 0?
1203200
In base 9, what is -30 + -41?
-71
In base 2, what is 11 + -101011110?
-101011011
In base 12, what is 16 - -20?
36
In base 15, what is -72 - -20?
-52
In base 8, what is 61 - 31?
30
In base 2, what is -10000 + -110?
-10110
In base 11, what is 4 + -612?
-609
In base 3, what is -102 + -10?
-112
In base 13, what is -25 + 3?
-22
In base 5, what is 3 + 4?
12
In base 12, what is -2 + 1a1?
19b
In base 4, what is -122002 - 10?
-122012
In base 9, what is 1120 + -7?
1112
In base 13, what is -3 - -a9?
a6
In base 13, what is -6cb - -1?
-6ca
In base 7, what is -46 - -3?
-43
In base 16, what is -4 - 9d?
-a1
In base 4, what is -210 - 11?
-221
In base 11, what is 0 + 527?
527
In base 8, what is 5 - -203?
210
In base 12, what is 4b + -2?
49
In base 12, what is -10 - -30?
20
In base 9, what is -28 - 3?
-32
In base 11, what is -4 + -1218?
-1221
In base 12, what is 2 + -7?
-5
In base 14, what is 4 + 16c3?
16c7
In base 12, what is -5 + -47b?
-484
In base 7, what is -5 - 3212?
-3220
In base 8, what is 44 - 40?
4
In base 8, what is 61 + 2?
63
In base 10, what is -439 + 4?
-435
In base 9, what is 22 + -50?
-27
In base 14, what is -239 - 1a?
-255
In base 7, what is 12 - -5215?
5230
In base 3, what is -11000 + -100?
-11100
In base 9, what is -4 - 86?
-101
In base 11, what is -681 + 4?
-678
In base 8, what is 154 - 36?
116
In base 10, what is -3 + 352?
349
In base 16, what is -2 + 344?
342
In base 7, what is -1155 - 0?
-1155
In base 4, what is -2012 + -2?
-2020
In base 11, what is -27991 - -4?
-27988
In base 8, what is -4 - -60?
54
In base 10, what is 10 + -791?
-781
In base 2, what is 100 - 1110?
-1010
In base 13, what is 5 + -5?
0
In base 6, what is -10 + 33?
23
In base 7, what is -26 + 10?
-16
In base 14, what is 2 + -51?
-4d
In base 12, what is 5a44 - 0?
5a44
In base 10, what is -2319 - 3?
-2322
In base 13, what is -2 + 777?
775
In base 11, what is -9 + -22?
-30
In base 13, what is 30 + 6?
36
In base 2, what is 1100011011 - -11?
1100011110
In base 3, what is -12 + -1111220?
-1112002
In base 6, what is -1 - 10325?
-10330
In base 5, what is 12011 + 12?
12023
In base 13, what is -5 + 239?
234
In base 12, what is -3 + -181?
-184
In base 4, what is -1 + 2312?
2311
In base 11, what is 4 + -78?
-74
In base 9, what is -540 + -2?
-542
In base 13, what is 1 - -135?
136
In base 9, what is -2 - 103?
-105
In base 6, what is -11 + 55134?
55123
In base 13, what is 83 + -11?
72
In base 16, what is -5 + 4c?
47
In base 10, what is -163 + -3?
-166
In base 5, what is 444 - 10?
434
In base 11, what is 1386 - 4?
1382
In base 4, what is 1 + -20123?
-20122
In base 4, what is 2 - 111302?
-111300
In base 2, what is 10100011 - 100?
10011111
In base 13, what is 3 - 16?
-13
In base 8, what is -4 + 107?
103
In base 3, what is 211 + -12122?
-11211
In base 14, what is -41 - -256?
215
In base 13, what is 2 + 252?
254
In base 16, what is -b - -bb?
b0
In base 4, what is 1213 + 3?
1222
In base 8, what is -44 + 4?
-40
In base 4, what is -331 - 10?
-1001
In base 7, what is -46 - -2?
-44
In base 5, what is -24 - 21204?
-21233
In base 6, what is -11 + -1230?
-1241
In base 10, what is -1652 + -1?
-1653
In base 11, what is 298 + 5?
2a2
In base 16, what is 3 + 16d?
170
In base 11, what is -5 + -60?
-65
In base 10, what is -54 - -26?
-28
In base 7, what is -2205 - 2?
-2210
In base 12, what is -5 - 72?
-77
In base 14, what is -1 - 404?
-405
In base 3, what is 10 - 1212?
-1202
In base 12, what is 0 - -20a?
20a
In base 11, what is -5 - 31?
-36
In base 8, what is -235 - -2?
-233
In base 15, what is -bd + -2?
-c0
In base 5, what is 12 - 2103?
-2041
In base 12, what is 32b7 + 0?
32b7
In base 4, what is 2133323 - -2?
2133331
In base 4, what is 10022 - -2?
10030
In base 10, what is